common factor of j and z.
12
Suppose -5*p - 2*s = 93, 0*s = 3*p - s + 47. Let f = -8 - p. What is the highest common factor of f and 18?
9
Let b(i) = -i - 4. Let w be b(-6). Let o be 2 - 4 - -8 - 4. Calculate the greatest common factor of w and o.
2
Let a = -82 + 117. Calculate the greatest common divisor of 245 and a.
35
Let v be (-75)/(-3) - (-3 - -6). What is the greatest common divisor of v and 33?
11
Let c(l) = 6*l - 2. Let m(i) = -i**2 + 18*i - 15. Let d be m(17). Let p be c(d). What is the highest common factor of p and 10?
10
Let q = 1 + 0. Suppose 0 = -5*a + d - q, -3*a - d - d + 2 = 0. Suppose 3*t = -a*t + 81. Calculate the greatest common divisor of t and 9.
9
Suppose 3*k + 3 = 3*u, -k = -3*k + 10. Calculate the greatest common factor of u and 9.
3
Let w(n) = n**3 + 10*n**2 + 9*n. Suppose -9 = 4*d + 27. Let a be w(d). Let z = 6 + a. Calculate the highest common divisor of 48 and z.
6
Suppose -3*t + 15 = -2*o - 8, 32 = 4*t - 3*o. Suppose r + 4 = -3. Let d = -5 - r. Calculate the greatest common divisor of t and d.
1
Let h = 38 + 79. Suppose -3*b + 31 = 2*f - h, 4*f - 248 = -5*b. What is the highest common divisor of b and 16?
16
Let t = 17 - 13. Calculate the highest common factor of 2 and t.
2
Let c be (2/2)/((-1)/29). Suppose 0 = 2*g + 2*z, -g + 4*z = g + 24. Let o = g - c. Calculate the highest common divisor of o and 10.
5
Let w = 5 - 5. Suppose 3*s + w*s - 9 = 0. Let k(n) = 7*n**2 + 2*n + 1. Let r be k(2). Calculate the greatest common factor of r and s.
3
Let z be 1 + (-9)/((-9)/34). What is the highest common divisor of 7 and z?
7
Let t(g) = g**2 + 9*g - 2. Let q be t(-13). Calculate the greatest common divisor of 75 and q.
25
Suppose 0 = 29*m - 24*m - 940. What is the highest common factor of m and 47?
47
Let q be (-2)/(-4) - (-33)/6. Let u be (-128)/(-12) + (-4)/q. Calculate the greatest common factor of 50 and u.
10
Let i be (-6)/15 + 14/10. Let n(m) = -m**2 - 3*m + 1. Suppose -1 = -2*f - 7. Let d be n(f). What is the greatest common factor of d and i?
1
Suppose 5*n = 2*c + 780, -2*c = n + 3*c - 129. Let r be (6/15)/((-1)/(-35)). Calculate the highest common divisor of n and r.
14
Let h = 41 - -7. Calculate the greatest common divisor of 12 and h.
12
Suppose -77 + 21 = -4*n. Let v = 49 + -35. Calculate the greatest common factor of n and v.
14
Suppose 24 = 2*o + a, 3*o - 2*a = 80 - 30. What is the highest common divisor of 7 and o?
7
Suppose -2*m + y + 186 = 0, -3*y = -2*m - y + 186. Calculate the greatest common factor of m and 62.
31
Let w = 28 + -18. Suppose 0 = -g + 5 - 0. Suppose -4*r = -g*l - 66, -r = l + l - w. Calculate the highest common divisor of r and 56.
14
Let b = 167 + -67. Let c(d) = 2*d**2 - 3*d. Let u be c(2). Suppose f + 39 = z + u*f, f + 41 = z. What is the highest common factor of b and z?
20
Let q be (-3)/(-15) - 48/(-10). Suppose 68 + 232 = q*s. What is the highest common factor of s and 24?
12
Let j be 16 - (2 - (-5 + 3)). Suppose -2*r + j = -0*r. Let y be (8/6 - 2)*-3. What is the greatest common divisor of r and y?
2
Suppose -274 = -4*j + y, 2*j - 5*y + 37 = 165. What is the greatest common divisor of j and 115?
23
Let p = 16 - 20. Let f be p + 5 + 15 + -1. Calculate the greatest common divisor of f and 165.
15
Suppose 11*h - 44 = 7*h. What is the greatest common divisor of 11 and h?
11
Let b be (-11)/(-1)*(1 - -6). What is the greatest common factor of 11 and b?
11
Suppose -w + 72 = 2*w. Suppose -m + w = 3*m. Suppose -2*r + 5*y = -m, 34 = 3*r - y + 6*y. Calculate the highest common factor of r and 20.
4
Let d(x) be the second derivative of x**3/6 + x**2/2 - 2*x. Let h be d(9). Suppose 2*v = 4 + h. What is the greatest common factor of 70 and v?
7
Suppose r + r = 60. Let h = 2 + 0. Let n be -4 + h + 2 + 6. Calculate the highest common factor of r and n.
6
Let r = -1 - -2. Suppose 5*y = 2*y + 18. Suppose -y*o = -3*o - 3*a - 3, 0 = 4*o + 5*a - 40. Calculate the greatest common divisor of o and r.
1
Let z(m) = -16*m + 4. Let t be z(-2). Calculate the greatest common divisor of 24 and t.
12
Let l(s) = s + 3. Let r be l(-5). Let i = r + 10. Suppose -5*y + 27 = 4*d - 106, 101 = 3*d + 5*y. Calculate the greatest common divisor of d and i.
8
Let z be (-2 - -1)*(-6 - -6). Suppose z = -4*b + 7*b - 273. Let g = 311 - b. What is the highest common factor of 20 and g?
20
Suppose 0 = 4*b + 2*o - 176, 0 = 4*o + o. Calculate the greatest common divisor of 4 and b.
4
Let z(w) = -6*w - 38. Let b be z(-21). What is the greatest common divisor of b and 8?
8
Let d be (120/35)/(-1)*-28. Let l = -3 + 6. Let z = l + 9. Calculate the greatest common divisor of z and d.
12
Suppose 4*n - n + 3*f = 18, 5*f - 22 = -3*n. Calculate the highest common factor of n and 36.
4
Let z(d) = -d**2 - 2*d + 6. Let p be z(-6). Let h = 12 - p. What is the greatest common divisor of 75 and h?
15
Let l(m) = 17*m**2 - 3*m + 1. Let n be l(2). Let z be 6 + 12/(9/(-3)). Let w = z + 5. Calculate the highest common divisor of n and w.
7
Let c(h) = -3*h + 2. Suppose 2*f - f = -2*y - 10, -5*f = -4*y + 22. Let k be c(f). Calculate the greatest common factor of k and 20.
20
Let x = -7 - -23. Let c be x/(-88) + (-376)/(-11). What is the highest common divisor of 17 and c?
17
Suppose -255 = -16*a + 11*a. What is the greatest common divisor of 34 and a?
17
Suppose 0 = a - 2*a. Suppose a*j = j - 15. Suppose 2*g = 2*l - 91 - 109, 4*l - 5*g = 395. Calculate the highest common divisor of j and l.
15
Let f(x) = x**3 + 9*x**2 - 3*x + 6. Let p be f(-11). Let b = p - -284. What is the highest common divisor of 9 and b?
9
Suppose -2*x + 6*x = 64. Let o(r) = r**3 - 16*r**2 + 5*r - 15. Let v be o(x). What is the greatest common factor of v and 26?
13
Suppose 0 = -8*q + 4*q + 80. Let o = -11 - -16. Calculate the greatest common divisor of q and o.
5
Let s be 6*-2*(-42)/28. What is the highest common divisor of 54 and s?
18
Suppose -16 = k - 5*k. Suppose -5*h + k*h - 1 = 0. Let u be (-1 + -2 - h)*-10. Calculate the highest common divisor of u and 50.
10
Let m be -2*(2/(-4) + 0). Suppose -482 = -2*z - 3*b, -5*z + 2*b + 544 = -642. Let y be z/10 - m/(-5). Calculate the greatest common divisor of 6 and y.
6
Let h = 35 - 12. What is the highest common factor of 253 and h?
23
Let y = -1 - -2. Let t = -1 + -1. Let g be (-96)/(-9) + t/(-6). Calculate the highest common divisor of y and g.
1
Let l(x) = 3*x**2 - 10 - x**2 + 0*x**2. Suppose 0 = 5*k - 2*g + 35, 9 = -3*k + 5*g - 12. Let u be l(k). Calculate the highest common factor of 8 and u.
8
Suppose 4*y - 47 - 113 = -4*t, -80 = -2*y - 5*t. Calculate the greatest common factor of 64 and y.
8
Suppose 0 = i + 4*q - 4, 2*q - 110 = -i - 4*i. What is the highest common divisor of 48 and i?
24
Let n(x) = 47*x**3 + 2*x**2 - x - 1. Let u be n(1). What is the greatest common factor of 141 and u?
47
Let r be (-90)/24*(-84)/35. Let o = -245 + 344. Calculate the highest common factor of r and o.
9
Let q = -14 - -25. What is the greatest common divisor of 77 and q?
11
Suppose s + 2*n + 104 = -3*s, -5*s + n = 137. Let l = -10 - s. What is the greatest common divisor of l and 17?
17
Suppose 0 = -2*n - 0*n - 50. Let x = -8 - n. Suppose -9 - x = -k. Calculate the highest common divisor of k and 13.
13
Suppose -4*y + 5 + 11 = 0. Suppose -4*g = -3*k + 46 + 238, 2*g = -y*k + 386. Calculate the greatest common factor of k and 12.
12
Suppose 15 = 5*w - 4*i, 0 = -4*w + 3*i + 2*i + 21. Let j be (w/2)/(2/4). Let m be 1*j/1*-3. What is the greatest common factor of m and 15?
3
Let d be 309 + (2 + -5)*12/(-36). Calculate the highest common factor of 124 and d.
62
Suppose 16 = -4*i + 160. Let a be (5 - 9)/(-1 - 0). Calculate the highest common divisor of a and i.
4
Let q = -6 + 14. Suppose -4*b + 2*b + q = 0. What is the greatest common divisor of 12 and b?
4
Suppose -7*h + 20 = -2*h. Suppose 0 = -h*n - 0*n + 8. Calculate the highest common divisor of n and 3.
1
Let w(m) = m**3 + 6*m**2 - 6*m + 8. Let f be w(-6). Let t = 30 - 19. Calculate the greatest common factor of t and f.
11
Let g(x) = x**3 - x**2 + 3*x + 3. Let y be g(-2). Let s be 3/y + (-96)/(-5). Calculate the highest common divisor of s and 209.
19
Suppose 4*k - 2*c + 1 - 73 = 0, 0 = -4*k + 3*c + 72. Suppose -2*x + 7*x = 90. What is the highest common divisor of x and k?
18
Let t(i) be th